{"version":"1.0","provider_name":"Immokcostabrava","provider_url":"https:\/\/immokcostabrava.com\/fr\/","author_name":"Immok Costa Brava","author_url":"https:\/\/immokcostabrava.com\/fr\/author\/immokcostabrava\/","title":"R\u00e9f. 40\/6301 - Figueres (Vilatenim) - Immokcostabrava","type":"rich","width":600,"height":338,"html":"<blockquote class=\"wp-embedded-content\" data-secret=\"ZHJpHf76ul\"><a href=\"https:\/\/immokcostabrava.com\/fr\/propiedad\/ref-40-6301-figueres-vilatenim\/\">R\u00e9f. 40\/6301 &#8211; Figueres (Vilatenim)<\/a><\/blockquote><iframe sandbox=\"allow-scripts\" security=\"restricted\" src=\"https:\/\/immokcostabrava.com\/fr\/propiedad\/ref-40-6301-figueres-vilatenim\/embed\/#?secret=ZHJpHf76ul\" width=\"600\" height=\"338\" title=\"\u00ab\u00a0R\u00e9f. 40\/6301 &#8211; Figueres (Vilatenim)\u00a0\u00bb &#8212; Immokcostabrava\" data-secret=\"ZHJpHf76ul\" frameborder=\"0\" marginwidth=\"0\" marginheight=\"0\" scrolling=\"no\" class=\"wp-embedded-content\"><\/iframe><script>\n\/*! This file is auto-generated *\/\n!function(d,l){\"use strict\";l.querySelector&&d.addEventListener&&\"undefined\"!=typeof URL&&(d.wp=d.wp||{},d.wp.receiveEmbedMessage||(d.wp.receiveEmbedMessage=function(e){var t=e.data;if((t||t.secret||t.message||t.value)&&!\/[^a-zA-Z0-9]\/.test(t.secret)){for(var s,r,n,a=l.querySelectorAll('iframe[data-secret=\"'+t.secret+'\"]'),o=l.querySelectorAll('blockquote[data-secret=\"'+t.secret+'\"]'),c=new RegExp(\"^https?:$\",\"i\"),i=0;i<o.length;i++)o[i].style.display=\"none\";for(i=0;i<a.length;i++)s=a[i],e.source===s.contentWindow&&(s.removeAttribute(\"style\"),\"height\"===t.message?(1e3<(r=parseInt(t.value,10))?r=1e3:~~r<200&&(r=200),s.height=r):\"link\"===t.message&&(r=new URL(s.getAttribute(\"src\")),n=new URL(t.value),c.test(n.protocol))&&n.host===r.host&&l.activeElement===s&&(d.top.location.href=t.value))}},d.addEventListener(\"message\",d.wp.receiveEmbedMessage,!1),l.addEventListener(\"DOMContentLoaded\",function(){for(var e,t,s=l.querySelectorAll(\"iframe.wp-embedded-content\"),r=0;r<s.length;r++)(t=(e=s[r]).getAttribute(\"data-secret\"))||(t=Math.random().toString(36).substring(2,12),e.src+=\"#?secret=\"+t,e.setAttribute(\"data-secret\",t)),e.contentWindow.postMessage({message:\"ready\",secret:t},\"*\")},!1)))}(window,document);\n\/\/# sourceURL=https:\/\/immokcostabrava.com\/wp-includes\/js\/wp-embed.min.js\n<\/script>\n","thumbnail_url":"https:\/\/immokcostabrava.com\/wp-content\/uploads\/2026\/01\/01-26.jpg","thumbnail_width":770,"thumbnail_height":460,"description":"Terrain \u00e0 vendre \u00e0 Vilatenim Excellente opportunit\u00e9 d\u2019acqu\u00e9rir une parcelle urbaine d\u2019angle de 389 m\u00b2 situ\u00e9e dans le quartier calme et bien desservi de Vilatenim. Terrain enti\u00e8rement constructible, id\u00e9al pour la r\u00e9alisation d\u2019une maison individuelle moderne avec jardin, piscine et tous les services en bordure de rue. Le terrain est livr\u00e9 avec un projet g\u00e9otechnique, ... Lire la suite"}

Réf. 40/6301 - Figueres (Vilatenim) - Immokcostabrava

<blockquote class="wp-embedded-content" data-secret="ZHJpHf76ul"><a href="https://immokcostabrava.com/fr/propiedad/ref-40-6301-figueres-vilatenim/">Réf. 40/6301 &#8211; Figueres (Vilatenim)</a></blockquote><iframe sandbox="allow-scripts" security="restricted" src="https://immokcostabrava.com/fr/propiedad/ref-40-6301-figueres-vilatenim/embed/#?secret=ZHJpHf76ul" width="600" height="338" title="« Réf. 40/6301 &#8211; Figueres (Vilatenim) » &#8212; Immokcostabrava" data-secret="ZHJpHf76ul" frameborder="0" marginwidth="0" marginheight="0" scrolling="no" class="wp-embedded-content"></iframe><script>
/*! This file is auto-generated */
!function(d,l){"use strict";l.querySelector&&d.addEventListener&&"undefined"!=typeof URL&&(d.wp=d.wp||{},d.wp.receiveEmbedMessage||(d.wp.receiveEmbedMessage=function(e){var t=e.data;if((t||t.secret||t.message||t.value)&&!/[^a-zA-Z0-9]/.test(t.secret)){for(var s,r,n,a=l.querySelectorAll('iframe[data-secret="'+t.secret+'"]'),o=l.querySelectorAll('blockquote[data-secret="'+t.secret+'"]'),c=new RegExp("^https?:$","i"),i=0;i<o.length;i++)o[i].style.display="none";for(i=0;i<a.length;i++)s=a[i],e.source===s.contentWindow&&(s.removeAttribute("style"),"height"===t.message?(1e3<(r=parseInt(t.value,10))?r=1e3:~~r<200&&(r=200),s.height=r):"link"===t.message&&(r=new URL(s.getAttribute("src")),n=new URL(t.value),c.test(n.protocol))&&n.host===r.host&&l.activeElement===s&&(d.top.location.href=t.value))}},d.addEventListener("message",d.wp.receiveEmbedMessage,!1),l.addEventListener("DOMContentLoaded",function(){for(var e,t,s=l.querySelectorAll("iframe.wp-embedded-content"),r=0;r<s.length;r++)(t=(e=s[r]).getAttribute("data-secret"))||(t=Math.random().toString(36).substring(2,12),e.src+="#?secret="+t,e.setAttribute("data-secret",t)),e.contentWindow.postMessage({message:"ready",secret:t},"*")},!1)))}(window,document);
//# sourceURL=https://immokcostabrava.com/wp-includes/js/wp-embed.min.js
</script>

Terrain à vendre à Vilatenim Excellente opportunité d’acquérir une parcelle urbaine d’angle de 389 m² située dans le quartier calme et bien desservi de Vilatenim. Terrain entièrement constructible, idéal pour la réalisation d’une maison individuelle moderne avec jardin, piscine et tous les services en bordure de rue. Le terrain est livré avec un projet géotechnique, ... Lire la suite
