{"version":"1.0","provider_name":"Immokcostabrava","provider_url":"https:\/\/immokcostabrava.com\/fr\/","author_name":"Immok Costa Brava","author_url":"https:\/\/immokcostabrava.com\/fr\/author\/immokcostabrava\/","title":"R\u00e9f. 21\/6306 - Roses (Santa Margarida) - Immokcostabrava","type":"rich","width":600,"height":338,"html":"<blockquote class=\"wp-embedded-content\" data-secret=\"KKPjT9RcJU\"><a href=\"https:\/\/immokcostabrava.com\/fr\/propiedad\/ref-21-6306-roses-santa-margarida\/\">R\u00e9f. 21\/6306 &#8211; Roses (Santa Margarida)<\/a><\/blockquote><iframe sandbox=\"allow-scripts\" security=\"restricted\" src=\"https:\/\/immokcostabrava.com\/fr\/propiedad\/ref-21-6306-roses-santa-margarida\/embed\/#?secret=KKPjT9RcJU\" width=\"600\" height=\"338\" title=\"\u00ab\u00a0R\u00e9f. 21\/6306 &#8211; Roses (Santa Margarida)\u00a0\u00bb &#8212; Immokcostabrava\" data-secret=\"KKPjT9RcJU\" frameborder=\"0\" marginwidth=\"0\" marginheight=\"0\" scrolling=\"no\" class=\"wp-embedded-content\"><\/iframe><script>\n\/*! This file is auto-generated *\/\n!function(d,l){\"use strict\";l.querySelector&&d.addEventListener&&\"undefined\"!=typeof URL&&(d.wp=d.wp||{},d.wp.receiveEmbedMessage||(d.wp.receiveEmbedMessage=function(e){var t=e.data;if((t||t.secret||t.message||t.value)&&!\/[^a-zA-Z0-9]\/.test(t.secret)){for(var s,r,n,a=l.querySelectorAll('iframe[data-secret=\"'+t.secret+'\"]'),o=l.querySelectorAll('blockquote[data-secret=\"'+t.secret+'\"]'),c=new RegExp(\"^https?:$\",\"i\"),i=0;i<o.length;i++)o[i].style.display=\"none\";for(i=0;i<a.length;i++)s=a[i],e.source===s.contentWindow&&(s.removeAttribute(\"style\"),\"height\"===t.message?(1e3<(r=parseInt(t.value,10))?r=1e3:~~r<200&&(r=200),s.height=r):\"link\"===t.message&&(r=new URL(s.getAttribute(\"src\")),n=new URL(t.value),c.test(n.protocol))&&n.host===r.host&&l.activeElement===s&&(d.top.location.href=t.value))}},d.addEventListener(\"message\",d.wp.receiveEmbedMessage,!1),l.addEventListener(\"DOMContentLoaded\",function(){for(var e,t,s=l.querySelectorAll(\"iframe.wp-embedded-content\"),r=0;r<s.length;r++)(t=(e=s[r]).getAttribute(\"data-secret\"))||(t=Math.random().toString(36).substring(2,12),e.src+=\"#?secret=\"+t,e.setAttribute(\"data-secret\",t)),e.contentWindow.postMessage({message:\"ready\",secret:t},\"*\")},!1)))}(window,document);\n\/\/# sourceURL=https:\/\/immokcostabrava.com\/wp-includes\/js\/wp-embed.min.js\n<\/script>\n","thumbnail_url":"https:\/\/immokcostabrava.com\/wp-content\/uploads\/2026\/01\/21-14.jpg","thumbnail_width":770,"thumbnail_height":460,"description":"&nbsp; Spacieux et lumineux appartement situ\u00e9 \u00e0 quelques pas de la plage, id\u00e9al pour profiter de la mer et de tous les services de la zone. Le logement dispose de deux chambres doubles avec placards int\u00e9gr\u00e9s, dont l\u2019une avec acc\u00e8s direct \u00e0 la terrasse, d\u2019une salle de bains compl\u00e8te et d\u2019un WC ind\u00e9pendant. La cuisine ... Lire la suite"}

Réf. 21/6306 - Roses (Santa Margarida) - Immokcostabrava

<blockquote class="wp-embedded-content" data-secret="KKPjT9RcJU"><a href="https://immokcostabrava.com/fr/propiedad/ref-21-6306-roses-santa-margarida/">Réf. 21/6306 &#8211; Roses (Santa Margarida)</a></blockquote><iframe sandbox="allow-scripts" security="restricted" src="https://immokcostabrava.com/fr/propiedad/ref-21-6306-roses-santa-margarida/embed/#?secret=KKPjT9RcJU" width="600" height="338" title="« Réf. 21/6306 &#8211; Roses (Santa Margarida) » &#8212; Immokcostabrava" data-secret="KKPjT9RcJU" frameborder="0" marginwidth="0" marginheight="0" scrolling="no" class="wp-embedded-content"></iframe><script>
/*! This file is auto-generated */
!function(d,l){"use strict";l.querySelector&&d.addEventListener&&"undefined"!=typeof URL&&(d.wp=d.wp||{},d.wp.receiveEmbedMessage||(d.wp.receiveEmbedMessage=function(e){var t=e.data;if((t||t.secret||t.message||t.value)&&!/[^a-zA-Z0-9]/.test(t.secret)){for(var s,r,n,a=l.querySelectorAll('iframe[data-secret="'+t.secret+'"]'),o=l.querySelectorAll('blockquote[data-secret="'+t.secret+'"]'),c=new RegExp("^https?:$","i"),i=0;i<o.length;i++)o[i].style.display="none";for(i=0;i<a.length;i++)s=a[i],e.source===s.contentWindow&&(s.removeAttribute("style"),"height"===t.message?(1e3<(r=parseInt(t.value,10))?r=1e3:~~r<200&&(r=200),s.height=r):"link"===t.message&&(r=new URL(s.getAttribute("src")),n=new URL(t.value),c.test(n.protocol))&&n.host===r.host&&l.activeElement===s&&(d.top.location.href=t.value))}},d.addEventListener("message",d.wp.receiveEmbedMessage,!1),l.addEventListener("DOMContentLoaded",function(){for(var e,t,s=l.querySelectorAll("iframe.wp-embedded-content"),r=0;r<s.length;r++)(t=(e=s[r]).getAttribute("data-secret"))||(t=Math.random().toString(36).substring(2,12),e.src+="#?secret="+t,e.setAttribute("data-secret",t)),e.contentWindow.postMessage({message:"ready",secret:t},"*")},!1)))}(window,document);
//# sourceURL=https://immokcostabrava.com/wp-includes/js/wp-embed.min.js
</script>

&nbsp; Spacieux et lumineux appartement situé à quelques pas de la plage, idéal pour profiter de la mer et de tous les services de la zone. Le logement dispose de deux chambres doubles avec placards intégrés, dont l’une avec accès direct à la terrasse, d’une salle de bains complète et d’un WC indépendant. La cuisine ... Lire la suite
