{"version":"1.0","provider_name":"Immokcostabrava","provider_url":"https:\/\/immokcostabrava.com\/fr\/","author_name":"Immok Costa Brava","author_url":"https:\/\/immokcostabrava.com\/fr\/author\/immokcostabrava\/","title":"R\u00e9f. 2\/6232 - Empuriabrava (Flamicell) - Immokcostabrava","type":"rich","width":600,"height":338,"html":"<blockquote class=\"wp-embedded-content\" data-secret=\"AY5FM0ZPAf\"><a href=\"https:\/\/immokcostabrava.com\/fr\/propiedad\/ref-2-6232-empuriabrava-flamicell\/\">R\u00e9f. 2\/6232 &#8211; Empuriabrava (Flamicell)<\/a><\/blockquote><iframe sandbox=\"allow-scripts\" security=\"restricted\" src=\"https:\/\/immokcostabrava.com\/fr\/propiedad\/ref-2-6232-empuriabrava-flamicell\/embed\/#?secret=AY5FM0ZPAf\" width=\"600\" height=\"338\" title=\"\u00ab\u00a0R\u00e9f. 2\/6232 &#8211; Empuriabrava (Flamicell)\u00a0\u00bb &#8212; Immokcostabrava\" data-secret=\"AY5FM0ZPAf\" frameborder=\"0\" marginwidth=\"0\" marginheight=\"0\" scrolling=\"no\" class=\"wp-embedded-content\"><\/iframe><script>\n\/*! This file is auto-generated *\/\n!function(d,l){\"use strict\";l.querySelector&&d.addEventListener&&\"undefined\"!=typeof URL&&(d.wp=d.wp||{},d.wp.receiveEmbedMessage||(d.wp.receiveEmbedMessage=function(e){var t=e.data;if((t||t.secret||t.message||t.value)&&!\/[^a-zA-Z0-9]\/.test(t.secret)){for(var s,r,n,a=l.querySelectorAll('iframe[data-secret=\"'+t.secret+'\"]'),o=l.querySelectorAll('blockquote[data-secret=\"'+t.secret+'\"]'),c=new RegExp(\"^https?:$\",\"i\"),i=0;i<o.length;i++)o[i].style.display=\"none\";for(i=0;i<a.length;i++)s=a[i],e.source===s.contentWindow&&(s.removeAttribute(\"style\"),\"height\"===t.message?(1e3<(r=parseInt(t.value,10))?r=1e3:~~r<200&&(r=200),s.height=r):\"link\"===t.message&&(r=new URL(s.getAttribute(\"src\")),n=new URL(t.value),c.test(n.protocol))&&n.host===r.host&&l.activeElement===s&&(d.top.location.href=t.value))}},d.addEventListener(\"message\",d.wp.receiveEmbedMessage,!1),l.addEventListener(\"DOMContentLoaded\",function(){for(var e,t,s=l.querySelectorAll(\"iframe.wp-embedded-content\"),r=0;r<s.length;r++)(t=(e=s[r]).getAttribute(\"data-secret\"))||(t=Math.random().toString(36).substring(2,12),e.src+=\"#?secret=\"+t,e.setAttribute(\"data-secret\",t)),e.contentWindow.postMessage({message:\"ready\",secret:t},\"*\")},!1)))}(window,document);\n\/\/# sourceURL=https:\/\/immokcostabrava.com\/wp-includes\/js\/wp-embed.min.js\n<\/script>\n","thumbnail_url":"https:\/\/immokcostabrava.com\/wp-content\/uploads\/2026\/01\/01-9.jpg","thumbnail_width":770,"thumbnail_height":460,"description":"Studio chaleureux avec terrasse ferm\u00e9e dans le secteur Flamicell Ce studio chaleureux est situ\u00e9 au\u00a0troisi\u00e8me et dernier \u00e9tage d\u2019un immeuble sans ascenseur,\u00a0offrant tranquillit\u00e9 et intimit\u00e9. Il se trouve dans le\u00a0secteur Flamicell, une zone pratique et bien desservie, \u00e0 proximit\u00e9 des commerces et \u00e0\u00a0seulement 2,2 km de la mer. Il dispose d\u2019un espace bien agenc\u00e9 o\u00f9 ... Lire la suite"}

Réf. 2/6232 - Empuriabrava (Flamicell) - Immokcostabrava

<blockquote class="wp-embedded-content" data-secret="AY5FM0ZPAf"><a href="https://immokcostabrava.com/fr/propiedad/ref-2-6232-empuriabrava-flamicell/">Réf. 2/6232 &#8211; Empuriabrava (Flamicell)</a></blockquote><iframe sandbox="allow-scripts" security="restricted" src="https://immokcostabrava.com/fr/propiedad/ref-2-6232-empuriabrava-flamicell/embed/#?secret=AY5FM0ZPAf" width="600" height="338" title="« Réf. 2/6232 &#8211; Empuriabrava (Flamicell) » &#8212; Immokcostabrava" data-secret="AY5FM0ZPAf" frameborder="0" marginwidth="0" marginheight="0" scrolling="no" class="wp-embedded-content"></iframe><script>
/*! This file is auto-generated */
!function(d,l){"use strict";l.querySelector&&d.addEventListener&&"undefined"!=typeof URL&&(d.wp=d.wp||{},d.wp.receiveEmbedMessage||(d.wp.receiveEmbedMessage=function(e){var t=e.data;if((t||t.secret||t.message||t.value)&&!/[^a-zA-Z0-9]/.test(t.secret)){for(var s,r,n,a=l.querySelectorAll('iframe[data-secret="'+t.secret+'"]'),o=l.querySelectorAll('blockquote[data-secret="'+t.secret+'"]'),c=new RegExp("^https?:$","i"),i=0;i<o.length;i++)o[i].style.display="none";for(i=0;i<a.length;i++)s=a[i],e.source===s.contentWindow&&(s.removeAttribute("style"),"height"===t.message?(1e3<(r=parseInt(t.value,10))?r=1e3:~~r<200&&(r=200),s.height=r):"link"===t.message&&(r=new URL(s.getAttribute("src")),n=new URL(t.value),c.test(n.protocol))&&n.host===r.host&&l.activeElement===s&&(d.top.location.href=t.value))}},d.addEventListener("message",d.wp.receiveEmbedMessage,!1),l.addEventListener("DOMContentLoaded",function(){for(var e,t,s=l.querySelectorAll("iframe.wp-embedded-content"),r=0;r<s.length;r++)(t=(e=s[r]).getAttribute("data-secret"))||(t=Math.random().toString(36).substring(2,12),e.src+="#?secret="+t,e.setAttribute("data-secret",t)),e.contentWindow.postMessage({message:"ready",secret:t},"*")},!1)))}(window,document);
//# sourceURL=https://immokcostabrava.com/wp-includes/js/wp-embed.min.js
</script>

Studio chaleureux avec terrasse fermée dans le secteur Flamicell Ce studio chaleureux est situé au troisième et dernier étage d’un immeuble sans ascenseur, offrant tranquillité et intimité. Il se trouve dans le secteur Flamicell, une zone pratique et bien desservie, à proximité des commerces et à seulement 2,2 km de la mer. Il dispose d’un espace bien agencé où ... Lire la suite
