{"version":"1.0","provider_name":"Immokcostabrava","provider_url":"https:\/\/immokcostabrava.com\/de\/","author_name":"Immok Costa Brava","author_url":"https:\/\/immokcostabrava.com\/de\/author\/immokcostabrava\/","title":"Ref. 40\/6301 - Figueres (Vilatenim) - Immokcostabrava","type":"rich","width":600,"height":338,"html":"<blockquote class=\"wp-embedded-content\" data-secret=\"Besy7bCNL0\"><a href=\"https:\/\/immokcostabrava.com\/de\/propiedad\/ref-40-6301-figueres-vilatenim\/\">Ref. 40\/6301 &#8211; Figueres (Vilatenim)<\/a><\/blockquote><iframe sandbox=\"allow-scripts\" security=\"restricted\" src=\"https:\/\/immokcostabrava.com\/de\/propiedad\/ref-40-6301-figueres-vilatenim\/embed\/#?secret=Besy7bCNL0\" width=\"600\" height=\"338\" title=\"&#8222;Ref. 40\/6301 &#8211; Figueres (Vilatenim)&#8220; &#8211; Immokcostabrava\" data-secret=\"Besy7bCNL0\" frameborder=\"0\" marginwidth=\"0\" marginheight=\"0\" scrolling=\"no\" class=\"wp-embedded-content\"><\/iframe><script>\n\/*! This file is auto-generated *\/\n!function(d,l){\"use strict\";l.querySelector&&d.addEventListener&&\"undefined\"!=typeof URL&&(d.wp=d.wp||{},d.wp.receiveEmbedMessage||(d.wp.receiveEmbedMessage=function(e){var t=e.data;if((t||t.secret||t.message||t.value)&&!\/[^a-zA-Z0-9]\/.test(t.secret)){for(var s,r,n,a=l.querySelectorAll('iframe[data-secret=\"'+t.secret+'\"]'),o=l.querySelectorAll('blockquote[data-secret=\"'+t.secret+'\"]'),c=new RegExp(\"^https?:$\",\"i\"),i=0;i<o.length;i++)o[i].style.display=\"none\";for(i=0;i<a.length;i++)s=a[i],e.source===s.contentWindow&&(s.removeAttribute(\"style\"),\"height\"===t.message?(1e3<(r=parseInt(t.value,10))?r=1e3:~~r<200&&(r=200),s.height=r):\"link\"===t.message&&(r=new URL(s.getAttribute(\"src\")),n=new URL(t.value),c.test(n.protocol))&&n.host===r.host&&l.activeElement===s&&(d.top.location.href=t.value))}},d.addEventListener(\"message\",d.wp.receiveEmbedMessage,!1),l.addEventListener(\"DOMContentLoaded\",function(){for(var e,t,s=l.querySelectorAll(\"iframe.wp-embedded-content\"),r=0;r<s.length;r++)(t=(e=s[r]).getAttribute(\"data-secret\"))||(t=Math.random().toString(36).substring(2,12),e.src+=\"#?secret=\"+t,e.setAttribute(\"data-secret\",t)),e.contentWindow.postMessage({message:\"ready\",secret:t},\"*\")},!1)))}(window,document);\n\/\/# sourceURL=https:\/\/immokcostabrava.com\/wp-includes\/js\/wp-embed.min.js\n<\/script>\n","thumbnail_url":"https:\/\/immokcostabrava.com\/wp-content\/uploads\/2026\/01\/01-26.jpg","thumbnail_width":770,"thumbnail_height":460,"description":"Baugrundst\u00fcck zum Verkauf in Vilatenim Ausgezeichnete Gelegenheit zum Erwerb eines st\u00e4dtischen Eckgrundst\u00fccks mit 389 m\u00b2 in der ruhigen und gut angebundenen Gegend von Vilatenim. Vollst\u00e4ndig bebaubares Grundst\u00fcck, ideal f\u00fcr den Bau eines modernen Einfamilienhauses mit Garten, Pool und s\u00e4mtlichen Anschl\u00fcssen direkt an der Stra\u00dfe. Das Grundst\u00fcck wird mit einem geotechnischen Gutachten \u00fcbergeben \u2013 ideal f\u00fcr ... Weiterlesen"}

Baugrundstück zum Verkauf in Vilatenim Ausgezeichnete Gelegenheit zum Erwerb eines städtischen Eckgrundstücks mit 389 m² in der ruhigen und gut angebundenen Gegend von Vilatenim. Vollständig bebaubares Grundstück, ideal für den Bau eines modernen Einfamilienhauses mit Garten, Pool und sämtlichen Anschlüssen direkt an der Straße. Das Grundstück wird mit einem geotechnischen Gutachten übergeben – ideal für ... Weiterlesen
