{"version":"1.0","provider_name":"Immokcostabrava","provider_url":"https:\/\/immokcostabrava.com\/de\/","author_name":"Immok Costa Brava","author_url":"https:\/\/immokcostabrava.com\/de\/author\/immokcostabrava\/","title":"Ref. 26\/4494 - Figueres - Immokcostabrava","type":"rich","width":600,"height":338,"html":"<blockquote class=\"wp-embedded-content\" data-secret=\"8SYVNo5vuV\"><a href=\"https:\/\/immokcostabrava.com\/de\/propiedad\/ref-26-4494-figueres\/\">Ref. 26\/4494 &#8211; Figueres<\/a><\/blockquote><iframe sandbox=\"allow-scripts\" security=\"restricted\" src=\"https:\/\/immokcostabrava.com\/de\/propiedad\/ref-26-4494-figueres\/embed\/#?secret=8SYVNo5vuV\" width=\"600\" height=\"338\" title=\"&#8222;Ref. 26\/4494 &#8211; Figueres&#8220; &#8211; Immokcostabrava\" data-secret=\"8SYVNo5vuV\" frameborder=\"0\" marginwidth=\"0\" marginheight=\"0\" scrolling=\"no\" class=\"wp-embedded-content\"><\/iframe><script>\n\/*! This file is auto-generated *\/\n!function(d,l){\"use strict\";l.querySelector&&d.addEventListener&&\"undefined\"!=typeof URL&&(d.wp=d.wp||{},d.wp.receiveEmbedMessage||(d.wp.receiveEmbedMessage=function(e){var t=e.data;if((t||t.secret||t.message||t.value)&&!\/[^a-zA-Z0-9]\/.test(t.secret)){for(var s,r,n,a=l.querySelectorAll('iframe[data-secret=\"'+t.secret+'\"]'),o=l.querySelectorAll('blockquote[data-secret=\"'+t.secret+'\"]'),c=new RegExp(\"^https?:$\",\"i\"),i=0;i<o.length;i++)o[i].style.display=\"none\";for(i=0;i<a.length;i++)s=a[i],e.source===s.contentWindow&&(s.removeAttribute(\"style\"),\"height\"===t.message?(1e3<(r=parseInt(t.value,10))?r=1e3:~~r<200&&(r=200),s.height=r):\"link\"===t.message&&(r=new URL(s.getAttribute(\"src\")),n=new URL(t.value),c.test(n.protocol))&&n.host===r.host&&l.activeElement===s&&(d.top.location.href=t.value))}},d.addEventListener(\"message\",d.wp.receiveEmbedMessage,!1),l.addEventListener(\"DOMContentLoaded\",function(){for(var e,t,s=l.querySelectorAll(\"iframe.wp-embedded-content\"),r=0;r<s.length;r++)(t=(e=s[r]).getAttribute(\"data-secret\"))||(t=Math.random().toString(36).substring(2,12),e.src+=\"#?secret=\"+t,e.setAttribute(\"data-secret\",t)),e.contentWindow.postMessage({message:\"ready\",secret:t},\"*\")},!1)))}(window,document);\n\/\/# sourceURL=https:\/\/immokcostabrava.com\/wp-includes\/js\/wp-embed.min.js\n<\/script>\n","thumbnail_url":"https:\/\/immokcostabrava.com\/wp-content\/uploads\/2026\/03\/01-6.jpg","thumbnail_width":770,"thumbnail_height":460,"description":"Gro\u00dfes Lokal f\u00fcnf Minuten von der Rambla von Figueres entfernt. Mit einer Nutzfl\u00e4che von 102 m\u00b2 verf\u00fcgt es \u00fcber einen gro\u00dfen Ladenbereich und ein erstes Stockwerk, WC auf jeder Etage, Rauchabzug und die M\u00f6glichkeit, eine Au\u00dfenterrasse anzulegen. Ein Lokal mit vielen M\u00f6glichkeiten&#8230; Lass es dir nicht entgehen!! &nbsp; C\u00f3digo Certificado Energ\u00e9tico\u00a0: V1Z3YTB11 Calificaci\u00f3n energ\u00e9tica ESTADO\u00a0:\u00a0 ... Weiterlesen"}

Großes Lokal fünf Minuten von der Rambla von Figueres entfernt. Mit einer Nutzfläche von 102 m² verfügt es über einen großen Ladenbereich und ein erstes Stockwerk, WC auf jeder Etage, Rauchabzug und die Möglichkeit, eine Außenterrasse anzulegen. Ein Lokal mit vielen Möglichkeiten&#8230; Lass es dir nicht entgehen!! &nbsp; Código Certificado Energético : V1Z3YTB11 Calificación energética ESTADO :  ... Weiterlesen
